
What is the thousands digit of 32488?
2
What is the units digit of 2462?
2
What is the units digit of 1155?
5
What is the thousands digit of 16485?
6
What is the ten thousands digit of 21558?
2
What is the units digit of 4312?
2
What is the thousands digit of 1019?
1
What is the tens digit of 79226?
2
What is the thousands digit of 2475?
2
What is the tens digit of 3647?
4
What is the tens digit of 18116?
1
What is the tens digit of 78694?
9
What is the ten thousands digit of 39196?
3
What is the thousands digit of 2644?
2
What is the hundred thousands digit of 147725?
1
What is the ten thousands digit of 172004?
7
What is the ten thousands digit of 74191?
7
What is the units digit of 1527?
7
What is the units digit of 12256?
6
What is the tens digit of 1413?
1
What is the thousands digit of 16594?
6
What is the tens digit of 164?
6
What is the units digit of 129097?
7
What is the units digit of 10753?
3
What is the thousands digit of 13784?
3
What is the thousands digit of 11670?
1
What is the hundreds digit of 2093?
0
What is the tens digit of 292?
9
What is the units digit of 338?
8
What is the units digit of 3410?
0
What is the units digit of 4257?
7
What is the tens digit of 33329?
2
What is the tens digit of 15164?
6
What is the hundreds digit of 54795?
7
What is the hundreds digit of 3790?
7
What is the thousands digit of 3304?
3
What is the hundreds digit of 954?
9
What is the hundreds digit of 2086?
0
What is the hundreds digit of 580?
5
What is the ten thousands digit of 20819?
2
What is the thousands digit of 1179?
1
What is the tens digit of 269?
6
What is the thousands digit of 3001?
3
What is the tens digit of 172716?
1
What is the thousands digit of 47896?
7
What is the ten thousands digit of 14393?
1
What is the hundreds digit of 35656?
6
What is the hundreds digit of 7769?
7
What is the hundreds digit of 450?
4
What is the thousands digit of 6220?
6
What is the tens digit of 182?
8
What is the units digit of 5429?
9
What is the thousands digit of 6659?
6
What is the hundreds digit of 621?
6
What is the hundreds digit of 1043?
0
What is the hundreds digit of 1982?
9
What is the thousands digit of 51222?
1
What is the hundreds digit of 4959?
9
What is the thousands digit of 4077?
4
What is the hundred thousands digit of 138148?
1
What is the tens digit of 6624?
2
What is the thousands digit of 1334?
1
What is the tens digit of 4763?
6
What is the tens digit of 26620?
2
What is the thousands digit of 48401?
8
What is the hundreds digit of 80397?
3
What is the hundreds digit of 43732?
7
What is the hundreds digit of 827?
8
What is the thousands digit of 89798?
9
What is the thousands digit of 2211?
2
What is the thousands digit of 22257?
2
What is the units digit of 3862?
2
What is the hundreds digit of 1404?
4
What is the hundreds digit of 1289?
2
What is the ten thousands digit of 32413?
3
What is the thousands digit of 4254?
4
What is the hundreds digit of 2386?
3
What is the ten thousands digit of 15404?
1
What is the hundreds digit of 3501?
5
What is the thousands digit of 6130?
6
What is the units digit of 12940?
0
What is the units digit of 591?
1
What is the hundreds digit of 788?
7
What is the tens digit of 104461?
6
What is the thousands digit of 5012?
5
What is the tens digit of 1365?
6
What is the tens digit of 3358?
5
What is the hundreds digit of 1260?
2
What is the hundreds digit of 459?
4
What is the thousands digit of 6221?
6
What is the units digit of 470?
0
What is the units digit of 12912?
2
What is the tens digit of 10699?
9
What is the tens digit of 1622?
2
What is the tens digit of 32237?
3
What is the hundreds digit of 10781?
7
What is the tens digit of 1796?
9
What is the units digit of 270?
0
What is the tens digit of 131?
3
What is the hundreds digit of 38796?
7
What is the units digit of 1666?
6
What is the units digit of 36575?
5
What is the units digit of 1591?
1
What is the ten thousands digit of 91948?
9
What is the tens digit of 8529?
2
What is the units digit of 5376?
6
What is the thousands digit of 11349?
1
What is the tens digit of 624?
2
What is the units digit of 188?
8
What is the units digit of 671?
1
What is the thousands digit of 2785?
2
What is the tens digit of 3491?
9
What is the tens digit of 5943?
4
What is the units digit of 6670?
0
What is the hundreds digit of 44319?
3
What is the tens digit of 244?
4
What is the ten thousands digit of 99951?
9
What is the units digit of 34197?
7
What is the hundreds digit of 46117?
1
What is the thousands digit of 1071?
1
What is the tens digit of 453?
5
What is the tens digit of 43945?
4
What is the thousands digit of 29424?
9
What is the tens digit of 9156?
5
What is the tens digit of 365?
6
What is the tens digit of 168966?
6
What is the tens digit of 18446?
4
What is the units digit of 107329?
9
What is the hundreds digit of 36792?
7
What is the units digit of 699?
9
What is the tens digit of 257?
5
What is the hundreds digit of 7806?
8
What is the tens digit of 6040?
4
What is the tens digit of 1293?
9
What is the tens digit of 108360?
6
What is the thousands digit of 4078?
4
What is the thousands digit of 4325?
4
What is the ten thousands digit of 26604?
2
What is the units digit of 16190?
0
What is the hundreds digit of 6861?
8
What is the thousands digit of 5704?
5
What is the hundreds digit of 1650?
6
What is the hundreds digit of 2830?
8
What is the tens digit of 7163?
6
What is the hundreds digit of 23354?
3
What is the hundreds digit of 33172?
1
What is the units digit of 21258?
8
What is the tens digit of 54872?
7
What is the hundreds digit of 7518?
5
What is the ten thousands digit of 20075?
2
What is the ten thousands digit of 37598?
3
What is the hundreds digit of 39538?
5
What is the tens digit of 8841?
4
What is the thousands digit of 47457?
7
What is the thousands digit of 59050?
9
What is the tens digit of 4463?
6
What is the tens digit of 45?
4
What is the hundreds digit of 53029?
0
What is the thousands digit of 2597?
2
What is the thousands digit of 44748?
4
What is the hundreds digit of 1353?
3
What is the tens digit of 8600?
0
What is the tens digit of 18075?
7
What is the thousands digit of 19224?
9
What is the thousands digit of 15695?
5
What is the tens digit of 50096?
9
What is the hundreds digit of 1091?
0
What is the units digit of 86?
6
What is the hundreds digit of 827?
8
What is the thousands digit of 11567?
1
What is the units digit of 2538?
8
What is the units digit of 1942?
2
What is the units digit of 76306?
6
What is the hundreds digit of 912?
9
What is the thousands digit of 16527?
6
What is the hundreds digit of 6947?
9
What is the thousands digit of 42267?
2
What is the thousands digit of 1226?
1
What is the units digit of 4816?
6
What is the units digit of 69676?
6
What is the thousands digit of 38566?
8
What is the thousands digit of 9623?
9
What is the hundreds digit of 1743?
7
What is the tens digit of 724?
2
What is the tens digit of 1367?
6
What is the hundreds digit of 69012?
0
What is the thousands digit of 1440?
1
What is the units digit of 852?
2
What is the ten thousands digit of 115651?
1
What is the units digit of 177881?
1
What is the thousands digit of 22459?
2
What is the hundreds digit of 20833?
8
What is the tens digit of 773?
7
What is the units digit of 13142?
2
What is the tens digit of 2382?
8
What is the units digit of 47342?
2
What is the thousands digit of 162389?
2
What is the units digit of 558?
8
What is the tens digit of 1519?
1
What is the tens digit of 13665?
6
What is the thousands digit of 4693?
4
What is the units digit of 6821?
1
What is the hundreds digit of 5385?
3
What is the hundreds digit of 644?
6
What is the hundreds digit of 4200?
2
What is the tens digit of 1456?
5
What is the ten thousands digit of 24775?
2
What is the thousands digit of 66849?
6
What is the hundreds digit of 75154?
1
What is the tens digit of 8230?
3
What is the thousands digit of 1055?
1
What is the units digit of 420?
0
What is the units digit of 45422?
2
What is the tens digit of 390?
9
What is the hundred thousands digit of 134214?
1
What is the tens digit of 402?
0
What is the units digit of 892?
2
What is the thousands digit of 7892?
7
What is the tens digit of 17932?
3
What is the